{"id":3085,"date":"2016-11-28T22:05:35","date_gmt":"2016-11-28T22:05:35","guid":{"rendered":"https:\/\/tiagomendonca.pt\/?page_id=3085"},"modified":"2021-12-01T16:44:36","modified_gmt":"2021-12-01T15:44:36","slug":"as-segundas-feiras-nao-tem-de-ser-uma-merda","status":"publish","type":"page","link":"https:\/\/tiagomendonca.pt\/?page_id=3085","title":{"rendered":"As Segundas-feiras n\u00e3o t\u00eam de ser uma merda"},"content":{"rendered":"<p>[vc_row content_width=&#8221;grid&#8221; css=&#8221;.vc_custom_1541582310196{padding-bottom: 22px !important;}&#8221;][vc_column][vc_row_inner][vc_column_inner width=&#8221;1\/2&#8243; css=&#8221;.vc_custom_1541589057364{padding-top: 65px !important;}&#8221;][vc_column_text]<\/p>\n<p style=\"text-align: center;\">Tiago Mendon\u00e7a apresenta<\/p>\n<p>[\/vc_column_text][vc_column_text]<\/p>\n<h1 style=\"text-align: center;\">As segundas-feiras<br \/>\nn\u00e3o t\u00eam de ser uma m#!&amp;@<\/h1>\n<p>[\/vc_column_text][vc_column_text]<\/p>\n<h4 style=\"text-align: center;\">Uma viagem para quebrar os mitos<br \/>\nque inquinam a busca pela felicidade.<\/h4>\n<p>[\/vc_column_text][vc_column_text css=&#8221;.vc_custom_1541589188975{padding-top: 30px !important;}&#8221;]<\/p>\n<p style=\"text-align: center;\"><a class=\"mb-button mb-style-flat mb-size-default mb-corners-default mb-text-style-default \" style=\"background-color: #a0dad6;\" href=\"#pedir\">Quero ler o livro!<\/a><\/p>\n<p>[\/vc_column_text][\/vc_column_inner][vc_column_inner width=&#8221;1\/2&#8243;][vc_column_text]<img loading=\"lazy\" decoding=\"async\" class=\"aligncenter wp-image-3339\" src=\"https:\/\/tiagomendonca.pt\/wp-content\/uploads\/2018\/11\/3D_segundas_feiras_vertical_2-758x1024.png\" alt=\"\" width=\"445\" height=\"601\" srcset=\"https:\/\/tiagomendonca.pt\/wp-content\/uploads\/2018\/11\/3D_segundas_feiras_vertical_2-758x1024.png 758w, https:\/\/tiagomendonca.pt\/wp-content\/uploads\/2018\/11\/3D_segundas_feiras_vertical_2-600x811.png 600w, https:\/\/tiagomendonca.pt\/wp-content\/uploads\/2018\/11\/3D_segundas_feiras_vertical_2-222x300.png 222w, https:\/\/tiagomendonca.pt\/wp-content\/uploads\/2018\/11\/3D_segundas_feiras_vertical_2-768x1038.png 768w, https:\/\/tiagomendonca.pt\/wp-content\/uploads\/2018\/11\/3D_segundas_feiras_vertical_2-1300x1757.png 1300w\" sizes=\"auto, (max-width: 445px) 100vw, 445px\" \/>[\/vc_column_text][\/vc_column_inner][\/vc_row_inner][\/vc_column][\/vc_row][vc_row css=&#8221;.vc_custom_1541588524595{padding-top: 80px !important;padding-bottom: 80px !important;background-color: #a0dad6 !important;}&#8221;][vc_column][vc_row_inner content_width=&#8221;grid&#8221; content_aligment=&#8221;center&#8221;][vc_column_inner width=&#8221;1\/3&#8243;][vc_column_text]<\/p>\n<h4 style=\"text-align: justify; color: #ffffff;\"><strong>Ser\u00e1 que \u00e9 um bom neg\u00f3cio trocar 11 meses de escravid\u00e3o por um m\u00eas de f\u00e9rias \u2013 mesmo que publiques umas quantas fotografias em \u00e1gua azul-turquesa no Instagram?<\/strong><\/h4>\n<p>[\/vc_column_text][\/vc_column_inner][vc_column_inner width=&#8221;1\/3&#8243;][vc_column_text]<\/p>\n<h4 style=\"text-align: justify; color: #ffffff;\"><strong>Ser\u00e1 que queremos mesmo uma separa\u00e7\u00e3o do trabalho e da vida pessoal?<\/strong><\/h4>\n<p>[\/vc_column_text][\/vc_column_inner][vc_column_inner width=&#8221;1\/3&#8243;][vc_column_text]<\/p>\n<h4 style=\"text-align: justify; color: #ffffff;\"><strong>E o que dizer das dores de barriga de domingo que anteveem segundas-feiras de merda e dos orgasmos desmedidos das sextas-feiras?<\/strong><\/h4>\n<p>[\/vc_column_text][\/vc_column_inner][\/vc_row_inner][\/vc_column][\/vc_row][vc_row css=&#8221;.vc_custom_1541588634833{padding-top: 200px !important;padding-bottom: 200px !important;background-image: url(https:\/\/tiagomendonca.pt\/wp-content\/uploads\/2018\/11\/IMG_7905.png?id=3348) !important;}&#8221;][vc_column][vc_row_inner][vc_column_inner width=&#8221;1\/2&#8243;][vc_column_text]<\/p>\n<h2 style=\"text-align: center; color: #ffffff;\">As perguntas est\u00e3o feitas.<br \/>\nEspa\u00e7o para as vossas respostas.<\/h2>\n<p>[\/vc_column_text][vc_column_text css=&#8221;.vc_custom_1541589177292{padding-top: 30px !important;}&#8221;]<\/p>\n<p style=\"text-align: center;\"><a class=\"mb-button mb-style-flat mb-size-default mb-corners-default mb-text-style-default \" style=\"background-color: #a0dad6;\" href=\"#pedir\">Quero ler o livro!<\/a><\/p>\n<p>[\/vc_column_text][\/vc_column_inner][vc_column_inner width=&#8221;1\/2&#8243;][\/vc_column_inner][\/vc_row_inner][\/vc_column][\/vc_row][vc_row content_width=&#8221;grid&#8221; css=&#8221;.vc_custom_1541589207306{padding-top: 60px !important;padding-bottom: 30px !important;}&#8221; el_id=&#8221;pedir&#8221;][vc_column][vc_column_text]<\/p>\n<h3>Queres ler o meu livro?<\/h3>\n<p>[\/vc_column_text][\/vc_column][\/vc_row][vc_row content_width=&#8221;grid&#8221;][vc_column css=&#8221;.vc_custom_1448035243890{padding-bottom: 50px !important;}&#8221;][vc_column_text]\n<div class=\"wpcf7 no-js\" id=\"wpcf7-f3350-o1\" lang=\"pt-PT\" dir=\"ltr\" data-wpcf7-id=\"3350\">\n<div class=\"screen-reader-response\"><p role=\"status\" aria-live=\"polite\" aria-atomic=\"true\"><\/p> <ul><\/ul><\/div>\n<form action=\"\/index.php?rest_route=%2Fwp%2Fv2%2Fpages%2F3085#wpcf7-f3350-o1\" method=\"post\" class=\"wpcf7-form init\" aria-label=\"Formul\u00e1rio de contacto\" novalidate=\"novalidate\" data-status=\"init\">\n<fieldset class=\"hidden-fields-container\"><input type=\"hidden\" name=\"_wpcf7\" value=\"3350\" \/><input type=\"hidden\" name=\"_wpcf7_version\" value=\"6.1.5\" \/><input type=\"hidden\" name=\"_wpcf7_locale\" value=\"pt_PT\" \/><input type=\"hidden\" name=\"_wpcf7_unit_tag\" value=\"wpcf7-f3350-o1\" \/><input type=\"hidden\" name=\"_wpcf7_container_post\" value=\"0\" \/><input type=\"hidden\" name=\"_wpcf7_posted_data_hash\" value=\"\" \/>\n<\/fieldset>\n<p><label> O teu nome (obrigat\u00f3rio)<br \/>\n<span class=\"wpcf7-form-control-wrap\" data-name=\"your-name\"><input size=\"40\" maxlength=\"400\" class=\"wpcf7-form-control wpcf7-text wpcf7-validates-as-required\" aria-required=\"true\" aria-invalid=\"false\" value=\"\" type=\"text\" name=\"your-name\" \/><\/span> <\/label>\n<\/p>\n<p><label> O teu email (obrigat\u00f3rio)<br \/>\n<span class=\"wpcf7-form-control-wrap\" data-name=\"your-email\"><input size=\"40\" maxlength=\"400\" class=\"wpcf7-form-control wpcf7-email wpcf7-validates-as-required wpcf7-text wpcf7-validates-as-email\" aria-required=\"true\" aria-invalid=\"false\" value=\"\" type=\"email\" name=\"your-email\" \/><\/span> <\/label>\n<\/p>\n<p><label> O teu n\u00famero de telefone (obrigat\u00f3rio)<br \/>\n<span class=\"wpcf7-form-control-wrap\" data-name=\"tel-550\"><input size=\"40\" maxlength=\"400\" class=\"wpcf7-form-control wpcf7-tel wpcf7-validates-as-required wpcf7-text wpcf7-validates-as-tel\" aria-required=\"true\" aria-invalid=\"false\" value=\"\" type=\"tel\" name=\"tel-550\" \/><\/span> <\/label>\n<\/p>\n<p><label> Quantos livros queres ler? (obrigat\u00f3rio)<br \/>\n<span class=\"wpcf7-form-control-wrap\" data-name=\"checkbox-931\"><span class=\"wpcf7-form-control wpcf7-checkbox wpcf7-validates-as-required wpcf7-exclusive-checkbox\"><span class=\"wpcf7-list-item first\"><input type=\"checkbox\" name=\"checkbox-931\" value=\"1\" \/><span class=\"wpcf7-list-item-label\">1<\/span><\/span><span class=\"wpcf7-list-item\"><input type=\"checkbox\" name=\"checkbox-931\" value=\"2\" \/><span class=\"wpcf7-list-item-label\">2<\/span><\/span><span class=\"wpcf7-list-item\"><input type=\"checkbox\" name=\"checkbox-931\" value=\"3\" \/><span class=\"wpcf7-list-item-label\">3<\/span><\/span><span class=\"wpcf7-list-item\"><input type=\"checkbox\" name=\"checkbox-931\" value=\"4\" \/><span class=\"wpcf7-list-item-label\">4<\/span><\/span><span class=\"wpcf7-list-item last\"><input type=\"checkbox\" name=\"checkbox-931\" value=\"5\" \/><span class=\"wpcf7-list-item-label\">5<\/span><\/span><\/span><\/span> <\/label>\n<\/p>\n<p><input class=\"wpcf7-form-control wpcf7-submit has-spinner\" type=\"submit\" value=\"Quero ler o livro!\" \/>\n<\/p><p style=\"display: none !important;\" class=\"akismet-fields-container\" data-prefix=\"_wpcf7_ak_\"><label>&#916;<textarea name=\"_wpcf7_ak_hp_textarea\" cols=\"45\" rows=\"8\" maxlength=\"100\"><\/textarea><\/label><input type=\"hidden\" id=\"ak_js_1\" name=\"_wpcf7_ak_js\" value=\"18\"\/><script>document.getElementById( \"ak_js_1\" ).setAttribute( \"value\", ( new Date() ).getTime() );<\/script><\/p><div class=\"wpcf7-response-output\" aria-hidden=\"true\"><\/div>\n<\/form>\n<\/div>\n[\/vc_column_text][\/vc_column][\/vc_row]<\/p>\n","protected":false},"excerpt":{"rendered":"<p>[vc_row content_width=&#8221;grid&#8221; css=&#8221;.vc_custom_1541582310196{padding-bottom: 22px !important;}&#8221;][vc_column][vc_row_inner][vc_column_inner width=&#8221;1\/2&#8243; css=&#8221;.vc_custom_1541589057364{padding-top: 65px !important;}&#8221;][vc_column_text] Tiago Mendon\u00e7a apresenta [\/vc_column_text][vc_column_text] As segundas-feiras n\u00e3o t\u00eam de ser uma m#!&amp;@ [\/vc_column_text][vc_column_text] Uma viagem para quebrar os mitos que inquinam a busca pela felicidade. [\/vc_column_text][vc_column_text css=&#8221;.vc_custom_1541589188975{padding-top: 30px !important;}&#8221;] Quero ler o livro! [\/vc_column_text][\/vc_column_inner][vc_column_inner width=&#8221;1\/2&#8243;][vc_column_text][\/vc_column_text][\/vc_column_inner][\/vc_row_inner][\/vc_column][\/vc_row][vc_row css=&#8221;.vc_custom_1541588524595{padding-top: [&hellip;]<\/p>\n","protected":false},"author":1,"featured_media":0,"parent":0,"menu_order":0,"comment_status":"closed","ping_status":"closed","template":"full-width.php","meta":{"_monsterinsights_skip_tracking":false,"_monsterinsights_sitenote_active":false,"_monsterinsights_sitenote_note":"","_monsterinsights_sitenote_category":0,"footnotes":""},"class_list":["post-3085","page","type-page","status-publish","hentry"],"_links":{"self":[{"href":"https:\/\/tiagomendonca.pt\/index.php?rest_route=\/wp\/v2\/pages\/3085","targetHints":{"allow":["GET"]}}],"collection":[{"href":"https:\/\/tiagomendonca.pt\/index.php?rest_route=\/wp\/v2\/pages"}],"about":[{"href":"https:\/\/tiagomendonca.pt\/index.php?rest_route=\/wp\/v2\/types\/page"}],"author":[{"embeddable":true,"href":"https:\/\/tiagomendonca.pt\/index.php?rest_route=\/wp\/v2\/users\/1"}],"replies":[{"embeddable":true,"href":"https:\/\/tiagomendonca.pt\/index.php?rest_route=%2Fwp%2Fv2%2Fcomments&post=3085"}],"version-history":[{"count":7,"href":"https:\/\/tiagomendonca.pt\/index.php?rest_route=\/wp\/v2\/pages\/3085\/revisions"}],"predecessor-version":[{"id":3425,"href":"https:\/\/tiagomendonca.pt\/index.php?rest_route=\/wp\/v2\/pages\/3085\/revisions\/3425"}],"wp:attachment":[{"href":"https:\/\/tiagomendonca.pt\/index.php?rest_route=%2Fwp%2Fv2%2Fmedia&parent=3085"}],"curies":[{"name":"wp","href":"https:\/\/api.w.org\/{rel}","templated":true}]}}